168 is divided by 38?
0
What is the remainder when 48717 is divided by 11?
9
Calculate the remainder when 161114 is divided by 193.
152
Calculate the remainder when 1556 is divided by 40.
36
Calculate the remainder when 351797 is divided by 4.
1
Calculate the remainder when 5425 is divided by 788.
697
What is the remainder when 86975 is divided by 291?
257
Calculate the remainder when 212 is divided by 87.
38
What is the remainder when 1599 is divided by 943?
656
Calculate the remainder when 45470 is divided by 22717.
36
Calculate the remainder when 25625 is divided by 1491.
278
What is the remainder when 1866 is divided by 382?
338
Calculate the remainder when 3665 is divided by 193.
191
What is the remainder when 1965 is divided by 394?
389
What is the remainder when 12428 is divided by 1035?
8
Calculate the remainder when 27434 is divided by 196.
190
What is the remainder when 16604 is divided by 449?
440
What is the remainder when 10000 is divided by 4995?
10
What is the remainder when 257833 is divided by 100?
33
Calculate the remainder when 115481 is divided by 1832.
65
Calculate the remainder when 2168 is divided by 700.
68
What is the remainder when 39904 is divided by 112?
32
What is the remainder when 18044 is divided by 2573?
33
What is the remainder when 8605 is divided by 191?
10
Calculate the remainder when 14094 is divided by 94.
88
Calculate the remainder when 2828 is divided by 10.
8
Calculate the remainder when 95646 is divided by 1347.
9
Calculate the remainder when 3365 is divided by 376.
357
Calculate the remainder when 136305 is divided by 9735.
15
Calculate the remainder when 1754 is divided by 441.
431
Calculate the remainder when 3325 is divided by 185.
180
Calculate the remainder when 24982 is divided by 1558.
54
What is the remainder when 11830 is divided by 348?
346
Calculate the remainder when 3793 is divided by 101.
56
Calculate the remainder when 115096 is divided by 48.
40
Calculate the remainder when 7805 is divided by 324.
29
Calculate the remainder when 8862 is divided by 379.
145
Calculate the remainder when 89587 is divided by 1106.
1
Calculate the remainder when 663274 is divided by 18.
10
Calculate the remainder when 131448 is divided by 15.
3
What is the remainder when 509049 is divided by 83?
10
What is the remainder when 91137 is divided by 22771?
53
What is the remainder when 212489 is divided by 70825?
14
What is the remainder when 1175 is divided by 160?
55
What is the remainder when 158982 is divided by 79477?
28
Calculate the remainder when 20725 is divided by 508.
405
Calculate the remainder when 1605 is divided by 7.
2
Calculate the remainder when 34519 is divided by 8611.
75
Calculate the remainder when 2489 is divided by 345.
74
Calculate the remainder when 529 is divided by 19.
16
Calculate the remainder when 439898 is divided by 443.
442
Calculate the remainder when 15425 is divided by 1466.
765
What is the remainder when 11544 is divided by 258?
192
Calculate the remainder when 238232 is divided by 22.
16
What is the remainder when 15234 is divided by 1691?
15
Calculate the remainder when 183980 is divided by 219.
20
Calculate the remainder when 1898 is divided by 632.
2
Calculate the remainder when 32837 is divided by 421.
420
What is the remainder when 27528 is divided by 73?
7
Calculate the remainder when 3834 is divided by 40.
34
What is the remainder when 24047 is divided by 16?
15
What is the remainder when 18276 is divided by 1142?
4
What is the remainder when 29085 is divided by 36?
33
What is the remainder when 20893 is divided by 213?
19
What is the remainder when 1653 is divided by 845?
808
What is the remainder when 290783 is divided by 624?
623
Calculate the remainder when 42388 is divided by 45.
43
Calculate the remainder when 39169 is divided by 66.
31
Calculate the remainder when 122461 is divided by 30611.
17
What is the remainder when 6686 is divided by 172?
150
What is the remainder when 45926 is divided by 1435?
6
What is the remainder when 31206 is divided by 1294?
150
Calculate the remainder when 14970 is divided by 831.
12
What is the remainder when 3206 is divided by 3109?
97
What is the remainder when 6227 is divided by 120?
107
What is the remainder when 1058 is divided by 381?
296
What is the remainder when 2327 is divided by 2307?
20
Calculate the remainder when 7602 is divided by 20.
2
Calculate the remainder when 476 is divided by 233.
10
What is the remainder when 3754 is divided by 764?
698
Calculate the remainder when 59119 is divided by 39.
34
Calculate the remainder when 558859 is divided by 19.
12
What is the remainder when 109889 is divided by 1099?
1088
Calculate the remainder when 394958 is divided by 131652.
2
What is the remainder when 17996 is divided by 1999?
5
Calculate the remainder when 13331 is divided by 802.
499
What is the remainder when 768191 is divided by 259?
256
What is the remainder when 4717 is divided by 209?
119
Calculate the remainder when 13212 is divided by 6590.
32
Calculate the remainder when 776 is divided by 230.
86
What is the remainder when 3332 is divided by 625?
207
What is the remainder when 5669 is divided by 180?
89
What is the remainder when 41135 is divided by 92?
11
What is the remainder when 17209 is divided by 330?
49
What is the remainder when 12091 is divided by 1002?
67
Calculate the remainder when 76330 is divided by 10904.
2
What is the remainder when 29317 is divided by 5859?
22
What is the remainder when 52310 is divided by 1276?
1270
What is the remainder when 43418 is divided by 13?
11
Calculate the remainder when 2070 is divided by 1981.
89
Calculate the remainder when 2270 is divided by 20.
10
What is the remainder when 30399 is divided by 7595?
19
What is the remainder when 43032 is divided by 5376?
24
What is the remainder when 23567 is divided by 137?
3
Calculate the remainder when 266409 is divided by 297.
0
What is the remainder when 31708 is divided by 21?
19
Calculate the remainder when 23507 is divided by 414.
323
What is the remainder when 542093 is divided by 1585?
23
Calculate the remainder when 106439 is divided by 53212.
15
What is the remainder when 1341 is divided by 90?
81
Calculate the remainder when 39684 is divided by 14.
8
What is the remainder when 2179 is divided by 857?
465
Calculate the remainder when 44605 is divided by 22298.
9
Calculate the remainder when 300956 is divided by 60.
56
Calculate the remainder when 363 is divided by 143.
77
Calculate the remainder when 28823 is divided by 191.
173
Calculate the remainder when 200428 is divided by 19.
16
Calculate the remainder when 6095 is divided by 2025.
20
What is the remainder when 368 is divided by 110?
38
What is the remainder when 17594 is divided by 332?
330
What is the remainder when 1467269 is divided by 765?
764
Calculate the remainder when 26415 is divided by 261.
54
What is the remainder when 195509 is divided by 2507?
2470
What is the remainder when 1204 is divided by 183?
106
Calculate the remainder when 23739 is divided by 290.
249
Calculate the remainder when 73357 is divided by 117.
115
What is the remainder when 2218242 is divided by 85?
82
Calculate the remainder when 305784 is divided by 938.
934
What is the remainder when 6763 is divided by 6752?
11
Calculate the remainder when 77806 is divided by 1945.
6
Calculate the remainder when 13377 is divided by 580.
37
Calculate the remainder when 49839 is divided by 445.
444
Calculate the remainder when 3589 is divided by 765.
529
What is the remainder when 6309 is divided by 20?
9
What is the remainder when 47129 is divided by 4706?
69
Calculate the remainder when 10200 is divided by 81.
75
What is the remainder when 25955 is divided by 63?
62
What is the remainder when 9150 is divided by 11?
9
What is the remainder when 24896 is divided by 24631?
265
Calculate the remainder when 26059 is divided by 1526.
117
Calculate the remainder when 20917 is divided by 19.
17
What is the remainder when 3549 is divided by 122?
11
Calculate the remainder when 13252 is divided by 20.
12
Calculate the remainder when 238259 is divided by 119103.
53
Calculate the remainder when 867971 is divided by 1065.
1061
Calculate the remainder when 153701 is divided by 18.
17
Calculate th